t is the thousands digit of 203773009?
3
What is the tens digit of 979716327?
2
What is the hundred thousands digit of 110383233?
3
What is the ten millions digit of 72240984?
7
What is the hundred thousands digit of 4016497771?
4
What is the millions digit of 28051930?
8
What is the thousands digit of 654934792?
4
What is the hundred thousands digit of 4022481337?
4
What is the hundred thousands digit of 57640587?
6
What is the tens digit of 38431433?
3
What is the units digit of 21720662?
2
What is the ten millions digit of 30691150?
3
What is the billions digit of 1971287693?
1
What is the hundred millions digit of 153009673?
1
What is the hundreds digit of 295644955?
9
What is the hundred millions digit of 320434564?
3
What is the tens digit of 148712453?
5
What is the tens digit of 362341594?
9
What is the hundreds digit of 320866425?
4
What is the millions digit of 4656513?
4
What is the thousands digit of 1086179745?
9
What is the hundreds digit of 9465286?
2
What is the millions digit of 687375769?
7
What is the ten millions digit of 1786035301?
8
What is the ten thousands digit of 257540825?
4
What is the hundred thousands digit of 122282297?
2
What is the ten thousands digit of 45334634?
3
What is the ten thousands digit of 7549113820?
1
What is the ten millions digit of 473655106?
7
What is the tens digit of 1547111445?
4
What is the hundreds digit of 405694165?
1
What is the hundred thousands digit of 421586962?
5
What is the units digit of 21869109?
9
What is the ten millions digit of 612979980?
1
What is the thousands digit of 31283424?
3
What is the ten thousands digit of 6427787367?
8
What is the units digit of 552806562?
2
What is the hundreds digit of 4487382?
3
What is the ten thousands digit of 158960963?
6
What is the hundred millions digit of 6286386318?
2
What is the ten thousands digit of 57217407?
1
What is the units digit of 254603929?
9
What is the millions digit of 19340835?
9
What is the tens digit of 510352274?
7
What is the thousands digit of 2500716126?
6
What is the ten thousands digit of 8045366596?
6
What is the hundred millions digit of 104933380?
1
What is the tens digit of 32945930?
3
What is the units digit of 111440823?
3
What is the ten millions digit of 468044202?
6
What is the tens digit of 1596874536?
3
What is the hundred millions digit of 1378161459?
3
What is the hundred millions digit of 307876677?
3
What is the ten millions digit of 62199976?
6
What is the ten millions digit of 53091030?
5
What is the units digit of 50582383?
3
What is the millions digit of 4433133141?
3
What is the millions digit of 12335628?
2
What is the thousands digit of 332350063?
0
What is the millions digit of 160881732?
0
What is the hundred millions digit of 1397691757?
3
What is the hundred thousands digit of 207732685?
7
What is the hundreds digit of 1076502252?
2
What is the millions digit of 1020124080?
0
What is the ten millions digit of 76135832?
7
What is the ten thousands digit of 427062938?
6
What is the millions digit of 157826469?
7
What is the millions digit of 55677889?
5
What is the millions digit of 4887445?
4
What is the thousands digit of 117589060?
9
What is the thousands digit of 78530396?
0
What is the tens digit of 46408545?
4
What is the thousands digit of 438325345?
5
What is the thousands digit of 101666372?
6
What is the units digit of 907837433?
3
What is the ten thousands digit of 1412582195?
8
What is the ten millions digit of 1831729696?
3
What is the tens digit of 113604191?
9
What is the billions digit of 3561199954?
3
What is the millions digit of 1405178731?
5
What is the ten thousands digit of 3909271373?
7
What is the ten thousands digit of 381012257?
1
What is the units digit of 36987197?
7
What is the thousands digit of 917694442?
4
What is the thousands digit of 8035792?
5
What is the millions digit of 129352170?
9
What is the hundred thousands digit of 541895711?
8
What is the thousands digit of 152373836?
3
What is the hundred millions digit of 4986239683?
9
What is the ten thousands digit of 1519754899?
5
What is the hundreds digit of 150783971?
9
What is the units digit of 11354132?
2
What is the hundred millions digit of 3646795474?
6
What is the ten millions digit of 3197123130?
9
What is the hundred millions digit of 3092036697?
0
What is the hundred thousands digit of 1997599925?
5
What is the thousands digit of 934901100?
1
What is the hundreds digit of 569631094?
0
What is the units digit of 5491179629?
9
What is the ten millions digit of 568051954?
6
What is the thousands digit of 1036447656?
7
What is the units digit of 55098438?
8
What is the ten thousands digit of 38509272?
0
What is the ten millions digit of 267737768?
6
What is the millions digit of 59103162?
9
What is the hundred millions digit of 170034082?
1
What is the billions digit of 4271451082?
4
What is the thousands digit of 7732878?
2
What is the units digit of 43694982?
2
What is the ten thousands digit of 1666221492?
2
What is the hundreds digit of 2709847573?
5
What is the ten millions digit of 285783960?
8
What is the ten millions digit of 12249487?
1
What is the tens digit of 70149560?
6
What is the billions digit of 2228814458?
2
What is the tens digit of 68946305?
0
What is the tens digit of 23125764?
6
What is the millions digit of 49817671?
9
What is the ten millions digit of 368884776?
6
What is the ten millions digit of 48281897?
4
What is the millions digit of 446389553?
6
What is the ten millions digit of 93041107?
9
What is the hundreds digit of 8937557?
5
What is the tens digit of 139042847?
4
What is the units digit of 2425059377?
7
What is the millions digit of 127234376?
7
What is the units digit of 4792359721?
1
What is the ten thousands digit of 1231362308?
6
What is the ten millions digit of 16864401?
1
What is the tens digit of 277338977?
7
What is the billions digit of 1195033620?
1
What is the units digit of 164154099?
9
What is the hundred thousands digit of 1260470976?
4
What is the tens digit of 70795052?
5
What is the hundreds digit of 800552175?
1
What is the tens digit of 47622756?
5
What is the ten thousands digit of 1305831434?
3
What is the hundred thousands digit of 4426589?
4
What is the hundreds digit of 496087809?
8
What is the hundred millions digit of 173029057?
1
What is the ten millions digit of 144852424?
4
What is the units digit of 270892944?
4
What is the units digit of 820870676?
6
What is the ten millions digit of 99937719?
9
What is the hundreds digit of 85162500?
5
What is the ten thousands digit of 304210176?
1
What is the ten millions digit of 28883513?
2
What is the billions digit of 1631335600?
1
What is the tens digit of 75203652?
5
What is the units digit of 2101126520?
0
What is the billions digit of 8105096721?
8
What is the units digit of 1420529993?
3
What is the billions digit of 1341465748?
1
What is the thousands digit of 9041591?
1
What is the millions digit of 1674580549?
4
What is the hundred millions digit of 224437055?
2
What is the tens digit of 445718954?
5
What is the hundreds digit of 1254913388?
3
What is the hundreds digit of 66268132?
1
What is the tens digit of 500563690?
9
What is the tens digit of 210641459?
5
What is the ten thousands digit of 279211159?
1
What is the tens digit of 1300580200?
0
What is the ten thousands digit of 961728?
6
What is the billions digit of 4935182089?
4
What is the thousands digit of 241893036?
3
What is the tens digit of 151142032?
3
What is the millions digit of 755319602?
5
What is the hundred thousands digit of 282914447?
9
What is the units digit of 82147096?
6
What is the hundred millions digit of 128962222?
1
What is the ten millions digit of 149312446?
4
What is the hundred millions digit of 497766638?
4
What is the hundreds digit of 836098706?
7
What is the tens digit of 833162674?
7
What is the hundred thousands digit of 38531886?
5
What is the hundred millions digit of 360479391?
3
What is the hundreds digit of 3764734?
7
What is the units digit of 743307558?
8
What is the tens digit of 720143028?
2
What is the hundreds digit of 66284294?
2
What is the ten millions digit of 143275695?
4
What is the ten thousands digit of 1724317055?
1
What is the thousands digit of 62281528?
1
What i